e 14) to base 4
-30
-10 (base 2) to base 15
-2
Convert -11111 (base 2) to base 15.
-21
Convert -122 (base 11) to base 13.
-b2
12 (base 9) to base 5
21
Convert -3 (base 10) to base 16.
-3
0 (base 11) to base 5
0
Convert 18 (base 15) to base 9.
25
Convert 6 (base 13) to base 7.
6
What is -55 (base 15) in base 7?
-143
-1 (base 5) to base 6
-1
What is 1 (base 12) in base 2?
1
What is 11 (base 5) in base 12?
6
What is 10 (base 6) in base 10?
6
What is 16 (base 14) in base 8?
24
-d7 (base 16) to base 15
-e5
What is 1 (base 8) in base 14?
1
What is -1b4 (base 16) in base 12?
-304
What is -3 (base 13) in base 14?
-3
What is -3 (base 15) in base 2?
-11
Convert -4b (base 16) to base 3.
-2210
What is -2 (base 4) in base 10?
-2
Convert -100101111 (base 2) to base 3.
-102020
Convert 6c (base 14) to base 6.
240
Convert -12 (base 10) to base 8.
-14
-da (base 14) to base 11
-165
-26 (base 14) to base 3
-1021
Convert 4 (base 10) to base 8.
4
0 (base 16) to base 10
0
0 (base 7) to base 14
0
Convert -2b (base 12) to base 8.
-43
61 (base 12) to base 2
1001001
What is 2 (base 7) in base 15?
2
-1 (base 13) to base 7
-1
What is 5b (base 16) in base 4?
1123
Convert -2 (base 3) to base 9.
-2
What is 147 (base 12) in base 14?
103
What is 40 (base 7) in base 2?
11100
What is 13 (base 4) in base 2?
111
-332 (base 5) to base 11
-84
Convert -10 (base 16) to base 4.
-100
What is -7a (base 12) in base 4?
-1132
What is 0 (base 9) in base 3?
0
What is -1001 (base 2) in base 8?
-11
Convert -5 (base 13) to base 4.
-11
Convert 12 (base 13) to base 5.
30
What is 1 (base 13) in base 14?
1
Convert -a3 (base 13) to base 8.
-205
What is 10012 (base 3) in base 8?
126
What is -4 (base 6) in base 12?
-4
What is -1111 (base 2) in base 9?
-16
What is 0 (base 7) in base 12?
0
What is 7 (base 8) in base 13?
7
Convert 49 (base 10) to base 3.
1211
-5a (base 12) to base 3
-2121
Convert -123 (base 4) to base 6.
-43
Convert 1110101 (base 2) to base 16.
75
What is -1 (base 3) in base 9?
-1
178 (base 10) to base 14
ca
What is 126 (base 13) in base 5?
1301
What is -11011 (base 2) in base 5?
-102
31 (base 7) to base 15
17
What is 0 (base 3) in base 7?
0
1 (base 7) to base 12
1
110 (base 16) to base 13
17c
What is 100 (base 7) in base 15?
34
What is -39 (base 10) in base 13?
-30
What is 13 (base 4) in base 15?
7
Convert -322 (base 5) to base 12.
-73
Convert -12 (base 8) to base 3.
-101
Convert -100 (base 2) to base 16.
-4
What is -1 (base 12) in base 13?
-1
What is 1014 (base 5) in base 13?
a4
Convert -2 (base 8) to base 4.
-2
Convert 6 (base 13) to base 8.
6
Convert -122 (base 5) to base 6.
-101
-10 (base 2) to base 4
-2
Convert -55 (base 9) to base 11.
-46
Convert -1a (base 16) to base 15.
-1b
a (base 16) to base 5
20
44 (base 8) to base 3
1100
Convert 3 (base 11) to base 14.
3
77 (base 11) to base 8
124
What is -18 (base 12) in base 8?
-24
What is 4 (base 14) in base 2?
100
2112 (base 4) to base 12
106
Convert 3c (base 15) to base 14.
41
-184 (base 14) to base 3
-102120
What is -16 (base 10) in base 3?
-121
What is f (base 16) in base 5?
30
What is -7 (base 9) in base 4?
-13
What is -44 (base 5) in base 3?
-220
What is 0 (base 6) in base 3?
0
What is -35 (base 15) in base 10?
-50
-111000 (base 2) to base 3
-2002
What is 14 (base 7) in base 13?
b
c (base 15) to base 3
110
Convert 3 (base 10) to base 2.
11
Convert -12210 (base 3) to base 9.
-183
What is -2 (base 13) in base 15?
-2
Convert -20 (base 11) to base 14.
-18
Convert 22 (base 3) to base 14.
8
What is -3 (base 14) in base 12?
-3
Convert 10100 (base 2) to base 16.
14
What is 53 (base 11) in base 6?
134
113 (base 5) to base 16
21
Convert -2320 (base 4) to base 10.
-184
Convert 4 (base 15) to base 2.
100
What is -3b (base 15) in base 16?
-38
143 (base 8) to base 11
90
Convert 4 (base 15) to base 11.
4
101 (base 5) to base 3
222
Convert -5 (base 12) to base 10.
-5
Convert -16 (base 8) to base 6.
-22
Convert -30 (base 13) to base 11.
-36
Convert 1 (base 12) to base 5.
1
2 (base 16) to base 4
2
Convert 3 (base 5) to base 6.
3
What is 6 (base 14) in base 11?
6
What is -12 (base 8) in base 10?
-10
What is 1 (base 13) in base 11?
1
Convert -11233 (base 4) to base 9.
-447
Convert -100110 (base 2) to base 9.
-42
3 (base 12) to base 2
11
Convert 206 (base 7) to base 5.
404
7 (base 9) to base 10
7
What is 1412 (base 6) in base 14?
1c4
-1 (base 10) to base 13
-1
0 (base 9) to base 7
0
-5 (base 14) to base 11
-5
Convert -5 (base 10) to base 4.
-11
Convert -11 (base 14) to base 5.
-30
1010 (base 2) to base 16
a
107 (base 9) to base 13
6a
Convert 156 (base 10) to base 5.
1111
What is -168 (base 13) in base 6?
-1103
-100 (base 4) to base 10
-16
Convert -4 (base 5) to base 16.
-4
Convert -41 (base 7) to base 13.
-23
What is 100101011 (base 2) in base 12?
20b
Convert -1 (base 16) to base 12.
-1
What is 46 (base 13) in base 7?
112
What is -11 (base 15) in base 9?
-17
-5 (base 9) to base 12
-5
Convert -10000 (base 2) to base 16.
-10
3 (base 9) to base 14
3
What is 186 (base 14) in base 5?
2224
Convert -49 (base 11) to base 5.
-203
Convert -330 (base 8) to base 10.
-216
Convert -21 (base 3) to base 12.
-7
What is 7 (base 15) in base 16?
7
Convert -6 (base 15) to base 14.
-6
What is -10 (base 2) in base 11?
-2
Convert 212 (base 11) to base 15.
120
What is -10101010 (base 2) in base 11?
-145
What is 11110 (base 2) in base 7?
42
What is -10 (base 3) in base 9?
-3
Convert 61 (base 14) to base 13.
67
Convert -12 (base 14) to base 12.
-14
5 (base 8) to base 9
5
Convert 15 (base 6) to base 16.
b
36 (base 10) to base 16
24
What is -1 (base 16) in base 10?
-1
Convert -2102 (base 3) to base 5.
-230
Convert 0 (base 9) to base 10.
0
Convert -3 (base 10) to base 8.
-3
What is -21 (base 9) in base 13?
-16
What is -11 (base 4) in base 5?
-10
-16 (base 16) to base 7
-31
Convert -234 (base 5) to base 7.
-126
Convert 12 (base 7) to base 15.
9
c6 (base 13) to base 3
20000
What is 2 (base 7) in base 8?
2
Convert b (base 16) to base 13.
b
Convert 6 (base 14) to base 7.
6
What is -1 (base 6) in base 10?
-1
Convert -21122 (base 3) to base 10.
-206
What is 2 (base 15) in base 5?
2
Convert 20 (base 12) to base 9.
26
-320 (base 8) to base 16
-d0
Convert 4 (base 12) to base 7.
4
What is 63 (base 12) in base 7?
135
What is 0 (base 7) in base 9?
0
10101 (base 2) to base 9
23
22 (base 9) to base 6
32
What is 8 (base 12) in base 11?
8
What is -1001000 (base 2) in base 6?
-200
-100010 (base 2) to base 5
-114
Convert 1 (base 9) to base 16.
1
58 (base 14) to base 4
1032
What is 51 (base 6) in base 8?
37
-1 (base 2) to base 16
-1
3 (base 9) to base 5
3
What is 1b2 (base 13) in base 12?
222
What is -2 (base 7) in base 11?
-2
What is -110120 (base 3) in base 8?
-523
Convert -12 (base 3) to base 14.
-5
Convert -1 (base 7) to base 12.
-1
324 (base 5) to base 10
89
What is -148 (base 11) in base 7?
-335
-3 (base 16) to base 4
-3
What is -5 (base 8) in base 4?
-11
Convert 13 (base 5) to base 12.
8
Convert -100010 (base 2) to base 12.
-2a
Convert 72 (base 8) to base 4.
322
168 (base 11) to base 12
143
Convert -222 (base 4) to base 6.
-110
What is -a (base 11) in base 9?
-11
Convert -17 (base 14) to base 13.
-18
3 (base 9) to base 6
3
7 (base 16) to base 14
7
What is -2211 (base 4) in base 16?
-a5
Convert 134 (base 5) to base 4.
230
Convert -d (base 15) to base 8.
-15
-b (base 14) to base 13
-b
Convert 4 (base 14) to base 15.
4
Convert 1 (base 13) to base 3.
1
Convert 28 (base 9) to base 5.
101
Convert -57 (base 14) to base 15.
-52
Convert 1000010 (base 2) to base 15.
46
Convert -10010 (base 2) to base 6.
-30
-21 (base 3) to base 5
-12
Convert 48 (base 16) to base 12.
60
What is 27 (base 9) in base 13?
1c
Convert 8 (base 14) to base 5.
13
Convert -266 (base 11) to base 2.
-100111010
Convert 10212 (base 3) to base 6.
252
399 (base 10) to base 7
1110
6 (base 9) to base 5
11
What is -44 (base 10) in base 9?
-48
Convert -329 (base 10) to base 6.
-1305
What is 7b (base 13) in base 15?
6c
What is -27 (base 11) in base 10?
-29
What is 57 (base 15) in base 6?
214
-303 (base 6) to base 9
-133
What is -1b (base 13) in base 15?
-19
Convert -11 (base 16) to base 9.
-18
Convert -5 (base 12) to base 2.
-101
Convert 1255 (base 6) to base 3.
102222
Convert 7 (base 14) to base 10.
7
-3 (base 11) to base 5
-3
Convert -2